hat are the prime factors of h?
2, 41
Let d(z) = -7*z**2 - 11 - z + 13*z**2 + 12*z - 3*z**3. Let s(j) = j**3 - 3*j**2 - 5*j + 5. Let y(t) = 2*d(t) + 5*s(t). What are the prime factors of y(-3)?
2, 3
Let f be (7/(-21))/(1/(-183)). Let i = -38 + f. List the prime factors of i.
23
Let c = 78 + -40. Let u = 5 - 27. Let h = c + u. List the prime factors of h.
2
Suppose -5*r - 5*d + 155 = 0, 5*r = 2*d + 287 - 111. List the prime factors of r.
2, 17
Let b be 2/(-8) - (-34)/8. Suppose -21 - b = -5*n. Suppose -4*l + 4*z - 5*z = -54, n*l - 78 = 4*z. List the prime factors of l.
2, 7
Let b(c) = c**2 + 12*c - 22. List the prime factors of b(-19).
3, 37
Let v(z) = z**2 - 3*z - 11. Suppose -1 = -4*o + 3, 5 = -q - o. List the prime factors of v(q).
43
Suppose -5*y + 8 = -4*y + 3*t, 2*t - 10 = -3*y. Suppose 5*s = 4*n - 1, 2*n = -0*n - y*s + 14. What are the prime factors of n?
2
Let x(u) = -2*u**3 + 4*u - 2*u**3 + 6 - 4*u**2 + 3*u**3. List the prime factors of x(-5).
11
Let w(r) = 1 + 3*r + 4 - r + r**2 + 1. Let u be w(-6). List the prime factors of (u/9)/(2/12).
2, 5
Let y(x) = 2*x**2 + 12*x + 3. List the prime factors of y(-8).
5, 7
Suppose 0*n = -2*n - 3*a + 149, 375 = 5*n + 5*a. What are the prime factors of n?
2, 19
Let u(c) = 12*c**2 + 16*c + 6. List the prime factors of u(-4).
2, 67
Let n(a) = a**3 + 9*a**2 + 6*a - 11. What are the prime factors of n(-6)?
61
Let q = -10 + 15. Let d = 19 + q. What are the prime factors of d?
2, 3
Suppose 5 = 5*i - 0*i. Suppose 0 = -3*o + 2*o + 13. Suppose 0 = 4*c - o + i. What are the prime factors of c?
3
Let m(t) = 41*t + 7. What are the prime factors of m(4)?
3, 19
Suppose 0 = 5*l, -20 = -5*d - 4*l + 5*l. Suppose 6*x - d*x = 0. What are the prime factors of 9/3 - (1 - x)?
2
Let w(s) = s + 8. Let k be w(-4). Suppose p = 5*l + 7, 3*l = k*p + l - 10. What are the prime factors of p?
2
What are the prime factors of (3/6)/(7/182)?
13
Suppose 0 = -5*q + 5, 0 = 5*s + 3*q + q - 99. Let w = s - 8. What are the prime factors of w?
11
What are the prime factors of 2/(-3)*-6 + 25?
29
Let l = -13 + 7. Let g be (-4)/l - (-35)/(-3). What are the prime factors of g*(2 + 0)/(-2)?
11
Let z = -14 + 22. Let m(v) = -v**3 + 8*v**2 + v + 6. Let t be m(z). Suppose -3*o - d + 42 = 0, o + 4*d = -0*d + t. List the prime factors of o.
2, 7
Let z(g) = 42*g - 14. List the prime factors of z(3).
2, 7
Let i(g) = -g - 20. Let t be i(-8). What are the prime factors of t/8 + (-255)/(-6)?
41
Let p(x) = -x**3 - 6*x**2 - 6*x - 3. Let m be p(-5). Suppose -m = i - 9. List the prime factors of i.
7
Let y(m) = 3*m**3 + 2*m**2 + m - 1. Let x be y(2). Suppose -4*w + 7*w = x. What are the prime factors of w?
11
Suppose 0 = w - 2*w + 10. Let x(z) = -z**2 + 11*z - 4. What are the prime factors of x(w)?
2, 3
List the prime factors of (2 - 14)*-6 + 2.
2, 37
Let b = 86 + 0. List the prime factors of b.
2, 43
Let g = -57 + 129. Suppose 0 = -3*i + g + 24. List the prime factors of i.
2
Suppose 2*h + 126 = 9*h. What are the prime factors of h?
2, 3
Let j = -104 + 238. List the prime factors of j.
2, 67
Let f(a) = -a + 3. Let u be f(6). What are the prime factors of ((-1)/u)/((-2)/(-30))?
5
Let k(w) = 8*w**2 + 5*w + 10. List the prime factors of k(-4).
2, 59
Let b = -40 + 85. List the prime factors of b.
3, 5
Let x = 7 - 11. Let b(h) = 2*h**2 + 6*h + 1. Let u be b(-4). Let a = x + u. What are the prime factors of a?
5
Suppose 0*c - 35 = -5*c. Let v be c/3 + (-8)/(-12). What are the prime factors of v*-1*(-1 - 1)?
2, 3
Suppose 11 = 3*g - 1. Suppose -r + 100 = g*d, 0 = -d + r - 3*r + 32. What are the prime factors of d?
2, 3
Suppose -3*z - 2*z + 50 = 0. Let v be ((-4)/z)/(1/(-5)). Suppose v*p = -0*p + 22. List the prime factors of p.
11
Let p be 2/8*2*68. Let a = -21 + p. What are the prime factors of a?
13
Suppose g + 4*j = 38, -3*g + 2*j + 102 = -26. List the prime factors of g.
2, 3, 7
Let m = 33 + -9. What are the prime factors of m?
2, 3
Suppose -3*u - u = -44. Let q = u + -5. List the prime factors of q.
2, 3
Suppose -q + 6*q + m - 267 = 0, -4*q + m = -210. Suppose -h + 0*h = 2*k - q, 4*k - 113 = 5*h. What are the prime factors of k?
3
Suppose 4*p - 966 = -3*u - 2*u, -1222 = -5*p + u. List the prime factors of p.
2, 61
Let l(u) = -u**2 + 3*u + 4. Let m be l(3). Suppose -m*g + f + 2*f = -71, -2*f = 5*g - 83. List the prime factors of g.
17
Suppose -4*s = s. Suppose r - 5*r + 20 = s. What are the prime factors of r?
5
List the prime factors of 0 - -2 - (-18)/2.
11
Suppose -6 = -3*d - 0*d, 2*d = 3*c - 56. Let w = 14 + -6. Let y = c - w. What are the prime factors of y?
2, 3
Let p(m) = 5*m + 10. Let i(a) = -3*a - 5. Let q(g) = -5*i(g) - 2*p(g). What are the prime factors of q(6)?
5, 7
Let n(m) = m - 6. Let c be n(8). Suppose 0*b + 5*b = -5*v + 140, -c*b + 53 = 5*v. What are the prime factors of b?
29
Suppose -2*p + 3*p = 4. Suppose -4*n - 4*g + 36 = 0, -n + 3*g + 10 + 19 = 0. Suppose -5*v = -p*v - n. List the prime factors of v.
2, 7
Let u(g) = -g**2 - 5*g + 1. Let z be u(-5). Let m = 13 - z. List the prime factors of m.
2, 3
Suppose -2*j + 107 = -5*s, 3*j = 5*s + 109 + 49. What are the prime factors of j?
3, 17
Suppose -20 = -3*h + 1. Suppose 0 = 2*a - h + 1. Suppose -j - a = -10. What are the prime factors of j?
7
Suppose -d + 12 = 4*r, r - 5*d = 4*r - 26. Suppose 4*v - 38 = r*v. List the prime factors of v.
19
Let o(m) = -m - 6. Let s be o(-5). Let t be (0 + s)*0/(-1). Suppose 0 = 2*w + b - 3, t*w - 2*b = -4*w + 10. List the prime factors of w.
2
Let q(g) be the third derivative of g**5/20 + 17*g**4/24 + 7*g**3/6 - 4*g**2. What are the prime factors of q(-7)?
5, 7
Let i be 6/(-4) - (-30)/(-12). Let w = 30 + i. List the prime factors of w.
2, 13
Let x(p) = -p**2 - 10*p - 11. Let r be x(-10). Let a = -2 - r. What are the prime factors of a?
3
Suppose -2*j - 66 = -c + j, -2*c = 5*j - 165. List the prime factors of c.
3, 5
Suppose -2*x + 2 = 0, -4*f = 2*x - 0*x + 98. Let c = -10 - f. What are the prime factors of c?
3, 5
Suppose -i + 3*r - 5*r + 282 = 0, 2*i - 4*r - 596 = 0. What are the prime factors of i?
2, 5, 29
Suppose 3*p - h - 121 = 0, 5*p - 5*h - 185 = -0*h. List the prime factors of 28/(-6)*(-108)/p.
2, 3
Let b(f) = f**2 - 2*f - 1. What are the prime factors of b(-2)?
7
Suppose 5*p + 114 = 8*p. What are the prime factors of p?
2, 19
Let t = -21 - -38. List the prime factors of (11 - 13)*t/(-1).
2, 17
Let m = 25 + -21. Suppose -v - m*l + 0 = 11, 2*v = 4*l + 26. List the prime factors of v.
5
Let h(o) = o**3 + 3*o**2 - 4*o + 3. Suppose 4 = -4*s + 12. Let w be h(s). What are the prime factors of (w/(-6) - -2)*-14?
7
Let m = 18 - 10. Suppose 73 = 5*i + m. What are the prime factors of i?
13
Let r be 2 + (-1 + 0 - 1). Suppose -3*n + r*n = -51. Let k = -12 + n. List the prime factors of k.
5
Suppose -2*i + 186 = 4*v, 5*v + 4*i = -i + 240. List the prime factors of v.
3, 5
Suppose 6*q - 20 = q. Let v = -6 + q. Let p(d) = d**3 + 4*d**2 + 4*d + 3. List the prime factors of p(v).
3
Suppose -7*k = -8*k + 118. List the prime factors of k.
2, 59
Let v = 69 + 22. List the prime factors of v.
7, 13
Suppose -39 = -p + 3*h, 3*p + 0*h - 145 = 2*h. Suppose -3*w = -r - 73, 0 = 2*w + 5*r - 8*r - p. List the prime factors of w.
2, 3
Let s = 11 + -7. Suppose -5*j + 80 = -s*m, j - 3*m - 80 = -4*j. Suppose w = 5*w - j. List the prime factors of w.
2
Let w(c) = -c - 2. Let u be w(-7). Suppose 4*i - 4*t - 31 + 11 = 0, -u*i = -t - 41. List the prime factors of i.
3
Suppose 5*p - 696 = 3*w, -2*p + w = 4*w - 270. Suppose 3*z - p = -5*y, -4*y = 5*z - 57 - 43. What are the prime factors of y?
2, 3, 5
Suppose -2*v = -2 + 24. Let w = v + 19. What are the prime factors of 6 - 0 - (w - 5)?
3
Let a = 5 + -2. Suppose 3*g - 63 - a = 0. List the prime factors of g.
2, 11
Let j be (3/(-4))/(1/4). What are the prime factors of ((-30)/(-9))/((-2)/j)?
5
Let y = -15 + 21. Let r = y + -17. Let k = 2 - r. List the prime factors of k.
13
What are the prime factors of (-222)/(-4)*(-16)/(-6)?
2, 37
Let a(n) = -n**2 + 8*n + 2. Let l(q) = q - q - 2 + 3*q. Let h be l(3). List the prime factors of a(h).
3
Suppose -2*s + 4*w = -8, 6*w + 8 = 3*s + 4*w. Suppose b - 26 + 3 = -2*j, s*j - 20 = -4*b. What are the prime factors of j?
2, 3
Let w be 5 + (-5)/(20/8). Suppose w*p + 4*k = 138, 0*p - 183 = -4*p - 5*k. List 